{"id":60,"date":"2024-03-29T02:55:11","date_gmt":"2024-03-29T02:55:11","guid":{"rendered":"https:\/\/www.morningstar-net.com\/?page_id=60"},"modified":"2024-03-29T02:55:11","modified_gmt":"2024-03-29T02:55:11","slug":"politica-de-privacidad","status":"publish","type":"page","link":"https:\/\/www.morningstar-net.com\/?page_id=60&lang=es","title":{"rendered":"POL\u00cdTICA DE PRIVACIDAD"},"content":{"rendered":"\n<p>Morningstar LLC (en adelante, &#8220;nuestra empresa&#8221;) es un servicio proporcionado en este sitio web (en lo sucesivo, &#8220;este servicio&#8221;) Con respecto al manejo de la informaci\u00f3n personal del usuario, la siguiente pol\u00edtica de privacidad (en adelante, &#8220;esta pol\u00edtica&#8221;) Lo pondr\u00e9.<\/p>\n\n\n\n<h2 class=\"wp-block-heading\"><strong>Art\u00edculo 1 (Informaci\u00f3n personal)<\/strong><\/h2>\n\n\n\n<p>&#8220;Informaci\u00f3n personal&#8221; se refiere a la &#8220;informaci\u00f3n personal&#8221; a la que se hace referencia en la Ley de Protecci\u00f3n de Informaci\u00f3n Personal, y es informaci\u00f3n sobre una persona viva, y puede identificar a una persona espec\u00edfica por nombre, fecha de nacimiento, direcci\u00f3n, n\u00famero de tel\u00e9fono, informaci\u00f3n de contacto y otras descripciones incluidas en la informaci\u00f3n. Se refiere a la informaci\u00f3n (informaci\u00f3n de identificaci\u00f3n personal) que puede identificar a un individuo espec\u00edfico solo a partir de la informaci\u00f3n, como la informaci\u00f3n y la apariencia, las huellas dactilares, los datos de impresi\u00f3n de voz y el n\u00famero de seguro de la tarjeta de seguro m\u00e9dico.<\/p>\n\n\n\n<h2 class=\"wp-block-heading\"><strong>Art\u00edculo 2 (C\u00f3mo recopilar informaci\u00f3n personal)<\/strong><\/h2>\n\n\n\n<p>Cuando los usuarios se registran para su uso, podemos solicitar informaci\u00f3n personal como nombre, fecha de nacimiento, direcci\u00f3n, n\u00famero de tel\u00e9fono, direcci\u00f3n de correo electr\u00f3nico, n\u00famero de cuenta bancaria, n\u00famero de tarjeta de cr\u00e9dito, n\u00famero de licencia de conducir, etc. Adem\u00e1s, informaci\u00f3n sobre registros de transacciones y pagos, incluida la informaci\u00f3n personal de los usuarios entre usuarios y socios, etc., incluidos nuestros socios (proveedores de informaci\u00f3n, anunciantes, distribuidores de publicidad, etc.). Lo siguiente se conoce como &#8220;socio&#8221;.) Se puede recoger de, etc.<\/p>\n\n\n\n<h2 class=\"wp-block-heading\"><strong>Art\u00edculo 3 (Prop\u00f3sito de recopilar y utilizar informaci\u00f3n personal)<\/strong><\/h2>\n\n\n\n<p>El prop\u00f3sito para el que recopilamos y utilizamos la informaci\u00f3n personal es el siguiente.<\/p>\n\n\n\n<ol class=\"wp-block-list\">\n<li>Para proporcionar y operar nuestros servicios<\/li>\n\n\n\n<li>Para responder a las consultas de los usuarios (incluida la verificaci\u00f3n de identidad)<\/li>\n\n\n\n<li>Para enviar correos electr\u00f3nicos sobre nuevas caracter\u00edsticas, actualizar informaci\u00f3n, campa\u00f1as, etc. del servicio que el usuario est\u00e1 utilizando y otros servicios proporcionados por la Compa\u00f1\u00eda<\/li>\n\n\n\n<li>Para ponerse en contacto con usted seg\u00fan sea necesario, como mantenimiento y avisos importantes<\/li>\n\n\n\n<li>Con el fin de identificar a los usuarios que violan los t\u00e9rminos de uso y a los usuarios que desean utilizar el servicio con fines no autorizados o injustos y se niegan a usarlo<\/li>\n\n\n\n<li>Para que los usuarios vean, cambien, eliminen y vean su propia informaci\u00f3n de registro<\/li>\n\n\n\n<li>Para cobrar a los usuarios las tarifas de uso de los servicios de pago<\/li>\n\n\n\n<li>Prop\u00f3sitos asociados con el prop\u00f3sito de uso anterior<\/li>\n<\/ol>\n\n\n\n<h2 class=\"wp-block-heading\"><strong>Art\u00edculo 4 (Cambio de prop\u00f3sito de uso)<\/strong><\/h2>\n\n\n\n<ol class=\"wp-block-list\">\n<li>La Compa\u00f1\u00eda cambiar\u00e1 el prop\u00f3sito del uso de la informaci\u00f3n personal solo si se reconoce razonablemente que el prop\u00f3sito del uso est\u00e1 relacionado con antes del cambio.<\/li>\n\n\n\n<li>En caso de un cambio en el prop\u00f3sito de uso, el prop\u00f3sito cambiado se notificar\u00e1 al usuario o se anunciar\u00e1 en este sitio web por el m\u00e9todo prescrito por la Compa\u00f1\u00eda.<\/li>\n<\/ol>\n\n\n\n<h2 class=\"wp-block-heading\"><strong>Art\u00edculo 5 (Provisi\u00f3n de informaci\u00f3n personal a terceros)<\/strong><\/h2>\n\n\n\n<ol class=\"wp-block-list\">\n<li>Excepto en los siguientes casos, no proporcionaremos informaci\u00f3n personal a terceros sin obtener el consentimiento del usuario por adelantado. Sin embargo, a menos que lo permita la Ley de Protecci\u00f3n de Informaci\u00f3n Personal u otras leyes y reglamentos.\n<ul class=\"wp-block-list\">\n<li>Cuando es necesario para la protecci\u00f3n de la vida, el cuerpoo la propiedad humana, y es dif\u00edcil obtener el consentimientode la persona<\/li>\n\n\n\n<li>Cuando es particularmente necesario para la mejora de lasalud p\u00fablica o la promoci\u00f3n del desarrollo saludable de losni\u00f1os, y es dif\u00edcil obtener el consentimiento de la persona<\/li>\n\n\n\n<li>Cuando es necesario cooperar con una instituci\u00f3n nacionalo una entidad p\u00fablica local o una persona encargada por ella para llevar a cabo los asuntos estipulados por las leyes y reglamentos, y existe el riesgo de interferir con la ejecuci\u00f3n de los asuntos al obtener el consentimiento de la persona<\/li>\n\n\n\n<li>Cuando los siguientes asuntos se anuncian o anuncian por adelantado, y cuando notificamos al Comit\u00e9 de Protecci\u00f3n de Informaci\u00f3n Personal\n<ul class=\"wp-block-list\">\n<li>Incluyendo la provisi\u00f3n a terceros con el fin de usar<\/li>\n\n\n\n<li>Elementos de datos proporcionados a terceros<\/li>\n\n\n\n<li>Medios o m\u00e9todos de provisi\u00f3n a terceros<\/li>\n\n\n\n<li>Dejar de proporcionar informaci\u00f3n personal a terceros apetici\u00f3n de la persona<\/li>\n\n\n\n<li>C\u00f3mo aceptar la solicitud de la persona<\/li>\n<\/ul>\n<\/li>\n<\/ul>\n<\/li>\n\n\n\n<li>Sin perjuicio de lo dispuesto en el p\u00e1rrafo anterior, en los siguientes casos, el proveedor de la informaci\u00f3n no estar\u00e1 a la cuenta del tercero.\n<ul class=\"wp-block-list\">\n<li>Cuando confiamos la totalida o parte del manejo de lainformaci\u00f3n personal dentro del alcance necesario paralograr el prop\u00f3sito del uso<\/li>\n\n\n\n<li>Cuando se proporciona informaci\u00f3n personal junto con lasucesi\u00f3n del negocio debido a una fusi\u00f3n u otras razones<\/li>\n\n\n\n<li>Cuando la informaci\u00f3n personal se utiliza conjuntamentecon una persona espec\u00edfica, a tal efecto y los elementos de informaci\u00f3n personal que se utilizar\u00e1n conjuntamente, el alcance de la persona que la utiliza conjuntamente, el prop\u00f3sito de uso del usuario y el nombre de la persona responsable de la gesti\u00f3n de la informaci\u00f3n personal O si notificas a la persona con antelaci\u00f3n sobre el nombre, o lo pones en un estado en el que la persona pueda saberlo f\u00e1cilmente<\/li>\n<\/ul>\n<\/li>\n<\/ol>\n\n\n\n<h2 class=\"wp-block-heading\"><strong>Art\u00edculo 6 (Divulgaci\u00f3n de informaci\u00f3n personal)<\/strong><\/h2>\n\n\n\n<ol class=\"wp-block-list\">\n<li>Cuando la persona nos pida que revelemos informaci\u00f3n personal, se la divulgaremos a la persona sin demora. Sin embargo, si se cae bajo alguna de las siguientes condiciones por divulgaci\u00f3n, no puede revelarla total o parte de la misma, y si decide no revelarla, se lo notificaremos sin demora. Adem\u00e1s, al divulgar informaci\u00f3n personal, se cobrar\u00e1 una tarifa de 1.000 yenes por caso.\n<ul class=\"wp-block-list\">\n<li>Cuando existe el riesgo de da\u00f1ar la vida, el cuerpo, la propiedad u otros derechos e intereses de la persona o de un tercero<\/li>\n\n\n\n<li>Si existe un riesgo de un obst\u00e1culo significativo para la implementaci\u00f3n adecuada de nuestro negocio<\/li>\n\n\n\n<li>En caso de violaci\u00f3n de otras leyes y reglamentos<\/li>\n<\/ul>\n<\/li>\n\n\n\n<li>A pesar de las disposiciones del p\u00e1rrafo anterior, la informaci\u00f3n que no sea informaci\u00f3n personal, como la informaci\u00f3n hist\u00f3rica y la informaci\u00f3n caracter\u00edstica, no se divulgar\u00e1 en principio.<\/li>\n<\/ol>\n\n\n\n<h2 class=\"wp-block-heading\"><strong>Art\u00edculo 7 (Correcci\u00f3n y eliminaci\u00f3n de informaci\u00f3n personal)<\/strong><\/h2>\n\n\n\n<ol class=\"wp-block-list\">\n<li>Si la informaci\u00f3n personal del usuario en poder de la Compa\u00f1\u00eda es informaci\u00f3n incorrecta, el usuario corregir\u00e1, a\u00f1adir\u00e1 o eliminar\u00e1 informaci\u00f3n personal a la Compa\u00f1\u00eda de acuerdo con los procedimientos estipulados por la Compa\u00f1\u00eda (en lo sucesivo, &#8220;correcci\u00f3n, etc.&#8221;). Puedes solicitarlo.<\/li>\n\n\n\n<li>Si recibimos la solicitud en el p\u00e1rrafo anterior del usuario y determinamos que es necesario responder a la solicitud, corregiremos la informaci\u00f3n personal sin demora.<\/li>\n\n\n\n<li>Si hacemos una correcci\u00f3n basada en las disposiciones del p\u00e1rrafo anterior, o si decidimos no hacer una correcci\u00f3n, etc., lo notificaremos al usuario sin demora.<\/li>\n<\/ol>\n\n\n\n<h2 class=\"wp-block-heading\"><strong>Art\u00edculo 8 (Suspensi\u00f3n del uso de informaci\u00f3n personal, etc.)<\/strong><\/h2>\n\n\n\n<ol class=\"wp-block-list\">\n<li>La Compa\u00f1\u00eda suspende o elimina el uso de la informaci\u00f3n personal de la propia persona sobre la base de que se maneja m\u00e1s all\u00e1 del alcance del prop\u00f3sito de uso o que se adquiri\u00f3 por medios fraudulentos (en adelante, &#8220;suspensi\u00f3n de uso, etc.&#8221;) Si se solicita, llevaremos a cabo la investigaci\u00f3n necesaria sin demora.<\/li>\n\n\n\n<li>En base a los resultados de la encuesta del p\u00e1rrafo anterior, si determinamos que es necesario responder a la solicitud, suspenderemos el uso de la informaci\u00f3n personal sin demora. <\/li>\n\n\n\n<li>Si suspendemos el uso de acuerdo con las disposiciones del p\u00e1rrafo anterior, o cuando decidimos no suspender el uso, etc., lo notificaremos al usuario sin demora.<\/li>\n\n\n\n<li>Independientemente de los dos p\u00e1rrafos anteriores, si hay una gran cantidad de costo para la suspensi\u00f3n del uso, etc., o si es dif\u00edcil suspender el uso, etc., y si puede tomar las medidas alternativas necesarias para proteger los derechos e intereses de los usuarios, se tomar\u00e1n estas medidas alternativas. Lo har\u00e9.<\/li>\n<\/ol>\n\n\n\n<h2 class=\"wp-block-heading\"><strong>Art\u00edculo 9 (Cambio de la pol\u00edtica de privacidad)<\/strong><\/h2>\n\n\n\n<ol class=\"wp-block-list\">\n<li>El contenido de esta pol\u00edtica se puede cambiar sin notificar al usuario, a excepci\u00f3n de las leyes y regulaciones y otros asuntos estipulados en esta pol\u00edtica.<\/li>\n\n\n\n<li>Salvo que la Compa\u00f1\u00eda especifique lo contrario, la pol\u00edtica de privacidad modificada entrar\u00e1 en vigor a partir del momento en que se publique en este sitio web.<\/li>\n<\/ol>\n\n\n\n<h2 class=\"wp-block-heading\"><strong>Art\u00edculo 10 (Ventana de consulta)<\/strong><\/h2>\n\n\n\n<p>Para consultas sobre esta pol\u00edtica, p\u00f3ngase en contacto con la siguiente ventana.<br>Nombre de la empresa: Morningstar LLC<br>Direcci\u00f3n de correo electr\u00f3nico: info@morningstar-net.com<\/p>\n\n\n\n<p class=\"has-text-align-right\">arriba<\/p>\n","protected":false},"excerpt":{"rendered":"<p>Morningstar LLC (en adelante, &#8220;nuestra empresa&#8221;) es un servicio proporcionado en este sitio web (e &hellip; <\/p>\n<p class=\"link-more\"><a href=\"https:\/\/www.morningstar-net.com\/?page_id=60&#038;lang=es\" class=\"more-link\"><span class=\"screen-reader-text\">&#8220;POL\u00cdTICA DE PRIVACIDAD&#8221; \u306e<\/span>\u7d9a\u304d\u3092\u8aad\u3080<\/a><\/p>\n","protected":false},"author":1,"featured_media":0,"parent":0,"menu_order":0,"comment_status":"closed","ping_status":"closed","template":"","meta":{"footnotes":""},"class_list":["post-60","page","type-page","status-publish","hentry"],"_links":{"self":[{"href":"https:\/\/www.morningstar-net.com\/index.php?rest_route=\/wp\/v2\/pages\/60","targetHints":{"allow":["GET"]}}],"collection":[{"href":"https:\/\/www.morningstar-net.com\/index.php?rest_route=\/wp\/v2\/pages"}],"about":[{"href":"https:\/\/www.morningstar-net.com\/index.php?rest_route=\/wp\/v2\/types\/page"}],"author":[{"embeddable":true,"href":"https:\/\/www.morningstar-net.com\/index.php?rest_route=\/wp\/v2\/users\/1"}],"replies":[{"embeddable":true,"href":"https:\/\/www.morningstar-net.com\/index.php?rest_route=%2Fwp%2Fv2%2Fcomments&post=60"}],"version-history":[{"count":1,"href":"https:\/\/www.morningstar-net.com\/index.php?rest_route=\/wp\/v2\/pages\/60\/revisions"}],"predecessor-version":[{"id":62,"href":"https:\/\/www.morningstar-net.com\/index.php?rest_route=\/wp\/v2\/pages\/60\/revisions\/62"}],"wp:attachment":[{"href":"https:\/\/www.morningstar-net.com\/index.php?rest_route=%2Fwp%2Fv2%2Fmedia&parent=60"}],"curies":[{"name":"wp","href":"https:\/\/api.w.org\/{rel}","templated":true}]}}