{"id":54,"date":"2024-03-29T02:36:08","date_gmt":"2024-03-29T02:36:08","guid":{"rendered":"https:\/\/www.morningstar-net.com\/?page_id=54"},"modified":"2024-03-29T02:36:08","modified_gmt":"2024-03-29T02:36:08","slug":"politique-de-confidentialite","status":"publish","type":"page","link":"https:\/\/www.morningstar-net.com\/?page_id=54&lang=fr","title":{"rendered":"POLITIQUE DE CONFIDENTIALIT\u00c9"},"content":{"rendered":"\n<p>Morningstar LLC (ci-apr\u00e8s d\u00e9nomm\u00e9e &#8220;notre soci\u00e9t\u00e9&#8221;) est un service fourni sur ce site Web (ci-apr\u00e8s d\u00e9nomm\u00e9 &#8220;ce service&#8221;) En ce qui concerne le traitement des informations personnelles de l&#8217;utilisateur, la politique de confidentialit\u00e9 suivante (ci-apr\u00e8s d\u00e9nomm\u00e9e &#8220;cette politique&#8221;) Je vais le r\u00e9gler.<\/p>\n\n\n\n<h2 class=\"wp-block-heading\"><strong>Article 1 (Informations personnelles)<\/strong><\/h2>\n\n\n\n<p>Les &#8220;informations personnelles&#8221; font r\u00e9f\u00e9rence aux &#8220;renseignements personnels&#8221; mentionn\u00e9s dans la Loi sur la protection des renseignements personnels, et sont des informations sur une personne vivante, et peuvent identifier une personne sp\u00e9cifique par son nom, sa date de naissance, son adresse, son num\u00e9ro de t\u00e9l\u00e9phone, ses coordonn\u00e9es et d&#8217;autres descriptions contenues dans les renseignements. Il fait r\u00e9f\u00e9rence aux informations (informations d&#8217;identification personnelle) qui peuvent identifier une personne sp\u00e9cifique \u00e0 partir des seules informations, telles que les informations et l&#8217;apparence, les empreintes digitales, les donn\u00e9es d&#8217;empreinte vocale et le num\u00e9ro d&#8217;assureur de la carte d&#8217;assurance maladie.<\/p>\n\n\n\n<h2 class=\"wp-block-heading\"><strong>Article 2 (Comment recueillir des informations personnelles)<\/strong><\/h2>\n\n\n\n<p>Lorsque les utilisateurs s&#8217;inscrivent pour \u00eatre utilis\u00e9s, nous pouvons demander des informations personnelles telles que le nom, la date de naissance, l&#8217;adresse, le num\u00e9ro de t\u00e9l\u00e9phone, l&#8217;adresse \u00e9lectronique, le num\u00e9ro de compte bancaire, le num\u00e9ro de carte de cr\u00e9dit, le num\u00e9ro de permis de conduire, etc. En outre, des informations sur les dossiers de transaction et les paiements, y compris les informations personnelles des utilisateurs entre les utilisateurs et les partenaires, etc., y compris nos partenaires (fournisseurs d&#8217;informations, annonceurs, distributeurs de publicit\u00e9, etc.). Ce qui suit est appel\u00e9 &#8220;partenaire&#8221;.) Il peut \u00eatre collect\u00e9, etc.<\/p>\n\n\n\n<h2 class=\"wp-block-heading\"><strong>Article 3 (But de la collecte et de l&#8217;utilisation des informations personnelles)<\/strong><\/h2>\n\n\n\n<p>Le but pour lequel nous recueillons et utilisons les informations personnelles est le suivant.<\/p>\n\n\n\n<ol class=\"wp-block-list\">\n<li>Pour fournir et exploiter nos services<\/li>\n\n\n\n<li>Pour r\u00e9pondre aux demandes des utilisateurs (y compris la v\u00e9rification de l&#8217;identit\u00e9)<\/li>\n\n\n\n<li>Pour envoyer des courriels sur les nouvelles fonctionnalit\u00e9s, les informations de mise \u00e0 jour, les campagnes, etc. du service que l&#8217;utilisateur utilise et d&#8217;autres services fournis par la Soci\u00e9t\u00e9 <\/li>\n\n\n\n<li>Pour vous contacter si n\u00e9cessaire, comme l&#8217;entretien et les avis importants<\/li>\n\n\n\n<li>Afin d&#8217;identifier les utilisateurs qui violent les conditions d&#8217;utilisation et les utilisateurs qui souhaitent utiliser le service \u00e0 des fins non autoris\u00e9es ou d\u00e9loyales et qui refusent de l&#8217;utiliser <\/li>\n\n\n\n<li>Pour que les utilisateurs puissent consulter, modifier, supprimer et voir leurs propres informations d&#8217;enregistrement<\/li>\n\n\n\n<li>Afin de facturer aux utilisateurs les frais d&#8217;utilisation des services payants<\/li>\n\n\n\n<li>Finalit\u00e9s associ\u00e9es \u00e0 l&#8217;objectif d&#8217;utilisation ci-dessus<\/li>\n<\/ol>\n\n\n\n<h2 class=\"wp-block-heading\"><strong>Article 4 (Changement de finalit\u00e9 d&#8217;utilisation)<\/strong><\/h2>\n\n\n\n<ol class=\"wp-block-list\">\n<li>La Soci\u00e9t\u00e9 ne modifiera le but de l&#8217;utilisation des renseignements personnels que s&#8217;il est raisonnablement reconnu que le but de l&#8217;utilisation est li\u00e9 avant le changement. En cas de changement dans le but de l&#8217;utilisation, le changement d&#8217;objectif sera notifi\u00e9 \u00e0 l&#8217;utilisateur ou annonc\u00e9 sur ce site Web par la m\u00e9thode prescrite par la Soci\u00e9t\u00e9.<\/li>\n<\/ol>\n\n\n\n<h2 class=\"wp-block-heading\"><strong>Article 5 (Fournition de renseignements personnels \u00e0 des tiers)<\/strong><\/h2>\n\n\n\n<ol class=\"wp-block-list\">\n<li>Sauf dans les cas suivants, nous ne fournirons pas d&#8217;informations personnelles \u00e0 des tiers sans obtenir le consentement pr\u00e9alable de l&#8217;utilisateur. Cependant, sauf si la loi sur la protection des renseignements personnels le permet ou d&#8217;autres lois et r\u00e8glements.\n<ul class=\"wp-block-list\">\n<li>Lorsqu&#8217;il est n\u00e9cessaire \u00e0 la protection de la vie, du corps oudes biens humains, et qu&#8217;il est difficile d&#8217;obtenir leconsentement de la personne<\/li>\n\n\n\n<li>Lorsqu&#8217;il est particuli\u00e8rement n\u00e9cessaire \u00e0 l&#8217;am\u00e9lioration dela sant\u00e9 publique ou \u00e0 la promotion du d\u00e9veloppement sain des enfants, et qu&#8217;il est difficile d&#8217;obtenir le consentement de la personne<\/li>\n\n\n\n<li>Lorsqu&#8217;il est n\u00e9cessaire de coop\u00e9rer avec une institution nationale ou une entit\u00e9 publique locale ou une personne charg\u00e9e par elle de mener \u00e0 bien les affaires stipul\u00e9es par les lois et r\u00e8glements, et qu&#8217;il y a un risque d&#8217;interf\u00e9rer avec l&#8217;ex\u00e9cution des affaires en obtenant le consentement de la personne<\/li>\n\n\n\n<li>Lorsque les questions suivantes sont annonc\u00e9es ou annonc\u00e9es \u00e0 l&#8217;avance, et lorsque nous informons le comit\u00e9 de protection des renseignements personnels<br>1. Y compris la fourniture \u00e0 des tiers \u00e0 des fins d&#8217;utilisation 2. \u00c9l\u00e9ments de donn\u00e9es fournis \u00e0 des tiers<br>3. Moyens ou m\u00e9thodes de fourniture \u00e0 des tiers<br>4. Cesser de fournir des informations personnelles \u00e0 destiers \u00e0 la demande de la personne<br>5. Comment accepter la demande de la personne<\/li>\n<\/ul>\n<\/li>\n\n\n\n<li>Nonobstant les dispositions du paragraphe pr\u00e9c\u00e9dent, dans les cas suivants, le fournisseur de l&#8217;information ne doit pas \u00eatre soumis \u00e0 la partie tiers.\n<ul class=\"wp-block-list\">\n<li>Lorsque nous confions tout ou partie du traitement desinformations personnelles dans la port\u00e9e n\u00e9cessaire pouratteindre le but de l&#8217;utilisation<\/li>\n\n\n\n<li>Lorsque des informations personnelles sont fournies enm\u00eame temps que la succession de l&#8217;entreprise en raisond&#8217;une fusion ou d&#8217;autres raisons<\/li>\n\n\n\n<li>Lorsque les renseignements personnels sont utilis\u00e9sconjointement avec une personne sp\u00e9cifique, \u00e0 cet effet et les \u00e9l\u00e9ments de renseignements personnels \u00e0 utiliser conjointement, la port\u00e9e de la personne qui les utilise conjointement, le but de l&#8217;utilisation de l&#8217;utilisateur et le nom de la personne responsable de la gestion des renseignements personnels Ou si vous informez la personne \u00e0 l&#8217;avance du nom, ou si vous le mettez dans un \u00e9tat o\u00f9 la personne peut facilement savoir<\/li>\n<\/ul>\n<\/li>\n<\/ol>\n\n\n\n<h2 class=\"wp-block-heading\"><strong>Article 6 (Divulgation de renseignements personnels)<\/strong><\/h2>\n\n\n\n<ol class=\"wp-block-list\">\n<li>Lorsque la personne nous demande de divulguer des informations personnelles, nous les divulguerons sans d\u00e9lai. Cependant, si vous \u00eates soumis \u00e0 l&#8217;une des conditions suivantes par divulgation, vous ne pouvez pas en divulguer tout ou partie, et si vous d\u00e9cidez de ne pas la divulguer, nous vous en informerons sans d\u00e9lai. De plus, lors de la divulgation de renseignements personnels, des frais de 1 000 yens seront factur\u00e9s par cas.\n<ul class=\"wp-block-list\">\n<li>Lorsqu&#8217;il y a un risque de nuire \u00e0 la vie, au corps, \u00e0 lapropri\u00e9t\u00e9 ou \u00e0 d&#8217;autres droits et int\u00e9r\u00eats de la personne oud&#8217;un tiers<\/li>\n\n\n\n<li>S&#8217;il y a un risque d&#8217;obstacle important \u00e0 la bonne mise en\u0153uvre de notre entreprise<\/li>\n\n\n\n<li>En cas de violation d&#8217;autres lois et r\u00e8glements<\/li>\n<\/ul>\n<\/li>\n\n\n\n<li>Nonobstant les dispositions du paragraphe pr\u00e9c\u00e9dent, les informations autres que les informations personnelles telles que les informations historiques et les informations caract\u00e9ristiques ne seront pas divulgu\u00e9es en principe.<\/li>\n<\/ol>\n\n\n\n<h2 class=\"wp-block-heading\"><strong>Article 7 (Correction et suppression des renseignements personnels)<\/strong><\/h2>\n\n\n\n<ol class=\"wp-block-list\">\n<li>Si les informations personnelles de l&#8217;utilisateur d\u00e9tenues par la Soci\u00e9t\u00e9 sont des informations incorrectes, l&#8217;utilisateur corrigera, ajoutera ou supprimera les informations personnelles de la Soci\u00e9t\u00e9 conform\u00e9ment aux proc\u00e9dures stipul\u00e9es par la Soci\u00e9t\u00e9 (ci-apr\u00e8s d\u00e9nomm\u00e9es &#8220;correction, etc.&#8221;) Vous pouvez demander.<\/li>\n\n\n\n<li>Si nous recevons la demande du paragraphe pr\u00e9c\u00e9dent de l&#8217;utilisateur et que nous d\u00e9terminons qu&#8217;il est n\u00e9cessaire de r\u00e9pondre \u00e0 la demande, nous corrigerons les informations personnelles sans d\u00e9lai.<\/li>\n\n\n\n<li>Si nous faisons une correction sur la base des dispositions du paragraphe pr\u00e9c\u00e9dent, ou si nous d\u00e9cidons de ne pas apporter de correction, etc., nous en informerons l&#8217;utilisateur sans d\u00e9lai.<\/li>\n<\/ol>\n\n\n\n<h2 class=\"wp-block-heading\"><strong>Article 8 (Suspension de l&#8217;utilisation des renseignements personnels, etc.)<\/strong><\/h2>\n\n\n\n<ol class=\"wp-block-list\">\n<li>La Soci\u00e9t\u00e9 suspend ou supprime l&#8217;utilisation des renseignements personnels de la personne elle-m\u00eame au motif qu&#8217;ils sont trait\u00e9s au-del\u00e0 de la port\u00e9e de l&#8217;objectif de l&#8217;utilisation ou qu&#8217;ils ont \u00e9t\u00e9 acquis par des moyens frauduleux (ci-apr\u00e8s d\u00e9nomm\u00e9s &#8220;suspension de l&#8217;utilisation, etc.&#8221;) Sur demande, nous m\u00e8nerons l&#8217;enqu\u00eate n\u00e9cessaire sans d\u00e9lai.<\/li>\n\n\n\n<li>Sur la base des r\u00e9sultats de l&#8217;enqu\u00eate du paragraphe pr\u00e9c\u00e9dent, si nous d\u00e9terminons qu&#8217;il est n\u00e9cessaire de r\u00e9pondre \u00e0 la demande, nous suspendrons l&#8217;utilisation des informations personnelles sans d\u00e9lai.<\/li>\n\n\n\n<li>Si nous suspendons l&#8217;utilisation conform\u00e9ment aux dispositions du paragraphe pr\u00e9c\u00e9dent, ou lorsque nous d\u00e9cidons de ne pas suspendre l&#8217;utilisation, etc., nous en informerons l&#8217;utilisateur sans d\u00e9lai.<\/li>\n\n\n\n<li>Ind\u00e9pendamment des deux paragraphes pr\u00e9c\u00e9dents, s&#8217;il y a un co\u00fbt important pour la suspension de l&#8217;utilisation, etc., ou s&#8217;il est difficile de suspendre l&#8217;utilisation, etc., et si vous pouvez prendre d&#8217;autres mesures n\u00e9cessaires pour prot\u00e9ger les droits et les int\u00e9r\u00eats des utilisateurs, ces mesures alternatives seront prises. Je le ferai.<\/li>\n<\/ol>\n\n\n\n<h2 class=\"wp-block-heading\"><strong>Article 9 (Modification de la politique de confidentialit\u00e9)<\/strong><\/h2>\n\n\n\n<ol class=\"wp-block-list\">\n<li>Le contenu de cette politique peut \u00eatre modifi\u00e9 sans en informer l&#8217;utilisateur, \u00e0 l&#8217;exception des lois et r\u00e8glements et d&#8217;autres questions autrement stipul\u00e9es dans la pr\u00e9sente politique.<\/li>\n\n\n\n<li>Sauf indication contraire de la Soci\u00e9t\u00e9, la politique de confidentialit\u00e9 modifi\u00e9e prendra effet \u00e0 partir du moment o\u00f9 elle sera publi\u00e9e sur ce site Web.<\/li>\n<\/ol>\n\n\n\n<h2 class=\"wp-block-heading\"><strong>Article 10 (fen\u00eatre de renseignements)<\/strong><\/h2>\n\n\n\n<p>Pour toute demande de renseignements sur cette politique, veuillez contacter la fen\u00eatre suivante.<br>Nom de la soci\u00e9t\u00e9 : Morningstar LLC<br>Adresse \u00e9lectronique : info@morningstar-net.com<\/p>\n\n\n\n<p class=\"has-text-align-right\">ci-dessus<\/p>\n","protected":false},"excerpt":{"rendered":"<p>Morningstar LLC (ci-apr\u00e8s d\u00e9nomm\u00e9e &#8220;notre soci\u00e9t\u00e9&#8221;) est un service fourni sur ce site Web (ci-apr\u00e8 &hellip; <\/p>\n<p class=\"link-more\"><a href=\"https:\/\/www.morningstar-net.com\/?page_id=54&#038;lang=fr\" class=\"more-link\"><span class=\"screen-reader-text\">&#8220;POLITIQUE DE CONFIDENTIALIT\u00c9&#8221; \u306e<\/span>\u7d9a\u304d\u3092\u8aad\u3080<\/a><\/p>\n","protected":false},"author":1,"featured_media":0,"parent":0,"menu_order":0,"comment_status":"closed","ping_status":"closed","template":"","meta":{"footnotes":""},"class_list":["post-54","page","type-page","status-publish","hentry"],"_links":{"self":[{"href":"https:\/\/www.morningstar-net.com\/index.php?rest_route=\/wp\/v2\/pages\/54","targetHints":{"allow":["GET"]}}],"collection":[{"href":"https:\/\/www.morningstar-net.com\/index.php?rest_route=\/wp\/v2\/pages"}],"about":[{"href":"https:\/\/www.morningstar-net.com\/index.php?rest_route=\/wp\/v2\/types\/page"}],"author":[{"embeddable":true,"href":"https:\/\/www.morningstar-net.com\/index.php?rest_route=\/wp\/v2\/users\/1"}],"replies":[{"embeddable":true,"href":"https:\/\/www.morningstar-net.com\/index.php?rest_route=%2Fwp%2Fv2%2Fcomments&post=54"}],"version-history":[{"count":1,"href":"https:\/\/www.morningstar-net.com\/index.php?rest_route=\/wp\/v2\/pages\/54\/revisions"}],"predecessor-version":[{"id":56,"href":"https:\/\/www.morningstar-net.com\/index.php?rest_route=\/wp\/v2\/pages\/54\/revisions\/56"}],"wp:attachment":[{"href":"https:\/\/www.morningstar-net.com\/index.php?rest_route=%2Fwp%2Fv2%2Fmedia&parent=54"}],"curies":[{"name":"wp","href":"https:\/\/api.w.org\/{rel}","templated":true}]}}